{"id":418,"date":"2026-04-10T14:14:18","date_gmt":"2026-04-10T12:14:18","guid":{"rendered":"https:\/\/www.mairie-reffannes.fr\/?page_id=418"},"modified":"2026-04-10T15:37:18","modified_gmt":"2026-04-10T13:37:18","slug":"associations","status":"publish","type":"page","link":"https:\/\/www.mairie-reffannes.fr\/index.php\/associations\/","title":{"rendered":"Associations"},"content":{"rendered":"\n<h2 class=\"wp-block-heading\">Associations communales<\/h2>\n\n\n\n<h3 class=\"wp-block-heading\">L&rsquo;association des parents d&rsquo;\u00e9l\u00e8ves \u00a0\u00bb La Malvina\u00a0\u00bb<\/h3>\n\n\n\n<figure class=\"wp-block-image size-large\"><img loading=\"lazy\" decoding=\"async\" width=\"1024\" height=\"430\" src=\"https:\/\/www.mairie-reffannes.fr\/wp-content\/uploads\/2026\/04\/logo-ape-malvina-1024x430.jpg\" alt=\"\" class=\"wp-image-432\" srcset=\"https:\/\/www.mairie-reffannes.fr\/wp-content\/uploads\/2026\/04\/logo-ape-malvina-1024x430.jpg 1024w, https:\/\/www.mairie-reffannes.fr\/wp-content\/uploads\/2026\/04\/logo-ape-malvina-300x126.jpg 300w, https:\/\/www.mairie-reffannes.fr\/wp-content\/uploads\/2026\/04\/logo-ape-malvina-768x322.jpg 768w, https:\/\/www.mairie-reffannes.fr\/wp-content\/uploads\/2026\/04\/logo-ape-malvina.jpg 1194w\" sizes=\"auto, (max-width: 1024px) 100vw, 1024px\" \/><\/figure>\n\n\n\n<p>Retrouvez toute l&rsquo;actualit\u00e9 de l&rsquo;APE \u00ab\u00a0La Malvina\u00a0\u00bb de Reffannes sur le Facebook d\u00e9di\u00e9 :<br><a href=\"https:\/\/www.facebook.com\/groups\/467846583266157\/\" target=\"_blank\" rel=\"noreferrer noopener\">https:\/\/www.facebook.com\/groups\/467846583266157\/<\/a><\/p>\n\n\n\n<p><\/p>\n\n\n\n<h2 class=\"wp-block-heading\">Autres associations locales<\/h2>\n\n\n\n<h3 class=\"wp-block-heading\">Centre Socio Culturel<\/h3>\n\n\n\n<div class=\"wp-block-columns is-layout-flex wp-container-core-columns-is-layout-9d6595d7 wp-block-columns-is-layout-flex\">\n<div class=\"wp-block-column is-layout-flow wp-block-column-is-layout-flow\">\n<figure class=\"wp-block-image size-large is-style-rounded\"><img loading=\"lazy\" decoding=\"async\" width=\"262\" height=\"319\" src=\"https:\/\/www.mairie-reffannes.fr\/wp-content\/uploads\/2020\/05\/csc.jpg\" alt=\"\" class=\"wp-image-64\" srcset=\"https:\/\/www.mairie-reffannes.fr\/wp-content\/uploads\/2020\/05\/csc.jpg 262w, https:\/\/www.mairie-reffannes.fr\/wp-content\/uploads\/2020\/05\/csc-246x300.jpg 246w\" sizes=\"auto, (max-width: 262px) 100vw, 262px\" \/><\/figure>\n<\/div>\n\n\n\n<div class=\"wp-block-column is-layout-flow wp-block-column-is-layout-flow\">\n<p>Centre Social et Culturel Cantonal<br>79340 LES FORGES<br>T\u00e9l : 05.49.69.93.13<br>Fax : 05.49.69.91.92<br>Site Internet : http:\/\/paysmenigoutais.csc79.org\/<br>Email : csc.paysmenigoutais@csc79.org<\/p>\n<\/div>\n<\/div>\n\n\n\n<p>Les activit\u00e9s propos\u00e9es par le Centre Social et Culturel du canton de M\u00e9nigoute s&rsquo;adressent au plus grand nombre, elles se divisent en grands secteurs d&rsquo;intervention : la petite enfance, l&rsquo;enfance, la jeunesse, la famille, l&rsquo;action sociale, l&rsquo;offre culturelle.<br>Gros plan sur le secteur Petite Enfance (enfants jusqu&rsquo;\u00e0 6 ans)<br>Le CSC est un interlocuteur essentiel des parents de jeunes enfants. Il g\u00e8re un RAM (relais d&rsquo;assistantes maternelles), il est donc capable d&rsquo;informer sur les diff\u00e9rents modes de gardes existants sur le canton, il est un source de renseignements en ce qui concerne le r\u00f4le d&#8217;employeur d&rsquo;une assistante maternelle, les d\u00e9marches administratives, les aides etc\u2026. \u00e0 travers une permanence t\u00e9l\u00e9phonique et des r\u00e9unions d&rsquo;information.<br>La Maison de l&rsquo;Enfance et de la Famille situ\u00e9e \u00e0 M\u00e9nigoute est un formidable outil mis \u00e0 la disposition des habitants du canton par la collectivit\u00e9 et g\u00e9r\u00e9e par le CSC, car elle accueille maintenant un \u00ab multi-accueil \u00bb, qui, ouvert cinq jours par semaine depuis septembre est devenu un mode de garde collectif \u00e0 plein temps pour les tout-petits.<br>Chaque jeudi matin (hors vacances scolaires), de 9h30 \u00e0 11h30, l&rsquo;\u00e9ducatrice de jeunes enfants accueillent dans les salles des f\u00eates du canton les enfants accompagn\u00e9s de leurs parents, grands-parents ou assistantes maternelles autour d&rsquo;espaces de jeux et d&rsquo;activit\u00e9s vari\u00e9es pour un temps d&rsquo;\u00e9veil et de socialisation.<br>N&rsquo;h\u00e9sitez pas \u00e0 contacter le Centre Social et Culturel si vous avez des questions ou besoin d&rsquo;un renseignement, nous sommes \u00e0 votre service !<\/p>\n\n\n\n<p><\/p>\n\n\n\n<p><\/p>\n","protected":false},"excerpt":{"rendered":"<p>Associations communales L&rsquo;association des parents d&rsquo;\u00e9l\u00e8ves \u00a0\u00bb La Malvina\u00a0\u00bb Retrouvez toute l&rsquo;actualit\u00e9 de l&rsquo;APE \u00ab\u00a0La Malvina\u00a0\u00bb de Reffannes sur le Facebook d\u00e9di\u00e9 :https:\/\/www.facebook.com\/groups\/467846583266157\/ Autres associations&hellip;<\/p>\n","protected":false},"author":1,"featured_media":0,"parent":0,"menu_order":0,"comment_status":"closed","ping_status":"closed","template":"","meta":{"footnotes":""},"class_list":["post-418","page","type-page","status-publish","hentry"],"_links":{"self":[{"href":"https:\/\/www.mairie-reffannes.fr\/index.php\/wp-json\/wp\/v2\/pages\/418","targetHints":{"allow":["GET"]}}],"collection":[{"href":"https:\/\/www.mairie-reffannes.fr\/index.php\/wp-json\/wp\/v2\/pages"}],"about":[{"href":"https:\/\/www.mairie-reffannes.fr\/index.php\/wp-json\/wp\/v2\/types\/page"}],"author":[{"embeddable":true,"href":"https:\/\/www.mairie-reffannes.fr\/index.php\/wp-json\/wp\/v2\/users\/1"}],"replies":[{"embeddable":true,"href":"https:\/\/www.mairie-reffannes.fr\/index.php\/wp-json\/wp\/v2\/comments?post=418"}],"version-history":[{"count":3,"href":"https:\/\/www.mairie-reffannes.fr\/index.php\/wp-json\/wp\/v2\/pages\/418\/revisions"}],"predecessor-version":[{"id":434,"href":"https:\/\/www.mairie-reffannes.fr\/index.php\/wp-json\/wp\/v2\/pages\/418\/revisions\/434"}],"wp:attachment":[{"href":"https:\/\/www.mairie-reffannes.fr\/index.php\/wp-json\/wp\/v2\/media?parent=418"}],"curies":[{"name":"wp","href":"https:\/\/api.w.org\/{rel}","templated":true}]}}